k(-7). Calculate the highest common factor of 20 and g.
5
Let f = 91 - 58. Let m(j) = -3*j - 8. Let h(r) = -r - 3. Let t(i) = 7*h(i) - 2*m(i). Let o be t(-8). Calculate the highest common divisor of o and f.
3
Suppose -3*v + 22 + 8 = 0. Calculate the highest common divisor of 20 and v.
10
Let s(w) = -w - 2. Let d be s(-4). Suppose 0*i - 5*i - 75 = -5*n, 2*n + 5*i = -5. What is the greatest common factor of n and d?
2
Let r(y) be the third derivative of y**4/24 - 3*y**3/2 - 7*y**2. Let d be r(14). What is the highest common factor of d and 25?
5
Let r be (6 - 4)*28/1. Let t be (-2 - (-4)/2)/2. Let c be (-16)/(-1) + -2 - t. Calculate the greatest common factor of r and c.
14
Let o be 91/(-7)*2/2. Let g = o + 9. Let t be 64/(-6)*6/g. What is the greatest common divisor of 40 and t?
8
Suppose 3*j - 52 = j. What is the highest common factor of 65 and j?
13
Suppose -32 = 7*j - 4*j - s, 0 = -5*j - s - 40. Let l be 115/j + 2/(-9). Let i = l + 29. Calculate the greatest common divisor of 40 and i.
8
Let p be (6/15)/(1/50). Let h be (-1 + 0)*(-3 + p). Let f = h - -31. Calculate the greatest common factor of f and 140.
14
Suppose -5*o + 1 = 3*b - 121, 0 = o - 5*b - 2. What is the highest common divisor of 11 and o?
11
Let m(i) = -i + 1. Let c be m(-1). Let s be 5/3 - 16/24. Let f be (-1)/(-1) + (s - 0). Calculate the highest common divisor of c and f.
2
Let i = -18 + 36. Calculate the greatest common factor of i and 90.
18
Let o(w) = -w**3 - 6*w**2 - 7*w - 9. Let c be o(-6). Let q = -1 + 0. Let y be 1*q - (-48)/12. What is the highest common divisor of y and c?
3
Let h be 1708/49 + (-1)/(-7). Calculate the greatest common divisor of h and 5.
5
Suppose -2*q = 3*x - 20, -5*x - 5*q + 1 = -39. Suppose x*n = -n + 480. Let l = 41 + -29. Calculate the greatest common factor of n and l.
12
Let g be 3*6/(-4 + 6). Let a be (3/(-4))/((-3)/288). Calculate the greatest common divisor of g and a.
9
Let i be (-3537)/(-63) - 1/7. What is the greatest common factor of i and 8?
8
Suppose 7*w = 8*w - 85. Calculate the greatest common factor of w and 34.
17
Let c(h) = -h**2 - 15*h - 18. Suppose 2*v - v + 33 = 4*q, 34 = -3*v - q. Let k be c(v). Calculate the highest common divisor of 64 and k.
8
Let y = 18 - 10. Let k(h) = 4*h + 8. Let j be k(6). What is the highest common divisor of j and y?
8
Suppose 44 = m - 84. Suppose -4*c + m + 40 = 0. What is the greatest common factor of 6 and c?
6
Suppose -8*t + 5 = -19. Suppose 0*a = -3*a. Suppose r - t*r + 96 = a. Calculate the highest common divisor of 16 and r.
16
Suppose -2*f = -0*f - 30. Suppose 2*a = -5*w + f, -w + 0*w + 3 = a. Suppose -w*b + 38 = -22. What is the highest common factor of b and 220?
20
Let z be 1 + 0 + (-13 - -23). Calculate the highest common factor of 1 and z.
1
Let g(y) = 3*y**2 - 2*y + 5. Let z be g(3). What is the highest common factor of 2 and z?
2
Let w = -52 - -124. What is the greatest common factor of 12 and w?
12
Let c(z) = -z - 1. Let y(b) = b**2 + b + 3. Let h(f) = 2*c(f) + y(f). Let k be h(3). Calculate the greatest common factor of 28 and k.
7
Let k = 114 + -75. Let p = 64 - k. Calculate the greatest common factor of 225 and p.
25
Suppose -5*f + 0*f - 330 = 0. Let d = -26 - f. Suppose -n = 2*o + o - 5, 45 = 3*n + 3*o. Calculate the greatest common divisor of n and d.
20
Let m(h) = -10*h**3 + h**2 - 1. Let g be m(-1). Calculate the highest common divisor of g and 20.
10
Let y be (-16)/(-24)*66/4. Suppose -f + 5*r = -y - 7, 5*r + 72 = 4*f. Calculate the greatest common factor of 144 and f.
18
Let v(u) = u**3 + 11*u**2 - u - 5. Let w be v(-11). Calculate the greatest common factor of w and 18.
6
Suppose -5 = -r - 3. Suppose 13 = r*k + 3*l - 11, -3*l = 3*k - 33. Calculate the greatest common factor of k and 18.
9
Suppose 4*v - 12 = -3*j, 4*v + 12 = 2*j + j. What is the highest common factor of 32 and j?
4
Let x be 6 + (0 + 1 - 3). Suppose -x*z = -2*z + 8. Let d = -1 - z. What is the greatest common factor of 24 and d?
3
Suppose -5*n + 0*n + 60 = 0. Let h be 107 - -2*(-1)/(-2). Calculate the greatest common divisor of n and h.
12
Let d = 116 - 78. Calculate the highest common divisor of d and 95.
19
Suppose -2*d + 326 = -4*g, -3*g + 656 = 4*d - 7*g. Calculate the highest common divisor of 15 and d.
15
Suppose 0*p = 2*p - 4. What is the highest common factor of p and 2?
2
Let g be 1*(25/(-2))/((-8)/80). What is the greatest common factor of 50 and g?
25
Let b = -1 + 7. Suppose 3 = 6*a - 33. What is the highest common divisor of a and b?
6
Let u be -1 + (-4)/3*-9. What is the greatest common divisor of 66 and u?
11
Suppose 0 = -6*q + 104 - 56. Suppose -3*g = 4*f + 45, 3*g + 4*f + 15 = 2*g. Let d be ((-4)/5)/(3/g). Calculate the greatest common factor of d and q.
4
Let a be (-2 - 1)*(-14)/3. Suppose 0 = -5*z + 3*n + 58, z - 4*n - 40 = -3*z. What is the greatest common divisor of a and z?
14
Suppose -k + 23 = 2*c, 6*k - 61 = -4*c + k. What is the highest common divisor of 72 and c?
9
Suppose -3*w = -w - 16. Suppose 0 = l + 3*l - w. Suppose 2*f - l*j - 8 = 0, 3*f - 5*j - 13 = 3. Calculate the greatest common factor of f and 22.
2
Let l(v) = 2*v**2 - 3*v + 1. Let i be l(3). Let k be (i/4)/(2/52). What is the highest common factor of 13 and k?
13
Let d = -130 - -145. Calculate the greatest common divisor of 5 and d.
5
Let k(d) = 3*d + 2. Let r be k(0). What is the greatest common factor of r and 8?
2
Let v(y) = 0*y**2 + 16*y + 4 + y**2 - 13*y. Let i be v(-5). Calculate the highest common factor of 14 and i.
14
Let n = 3 + -6. Let y be n/6 + 54/4. Calculate the greatest common factor of 13 and y.
13
Suppose 8*s - 355 = 3*s. Let j = -41 + s. What is the greatest common divisor of 6 and j?
6
Suppose 7*x = -255 + 1823. What is the highest common factor of x and 28?
28
Suppose 9 = 2*t - 11. Let z = 19 - t. What is the highest common factor of 9 and z?
9
Let f = 14 + -7. Suppose 2*v - 88 = 66. Calculate the greatest common divisor of v and f.
7
Suppose -1 = 4*x - 13. Let y be (-9)/(-6) - 14/4. Let f = y - -4. Calculate the greatest common divisor of f and x.
1
Let n = -123 + 183. Calculate the greatest common divisor of n and 40.
20
Let y = 43 + -31. Calculate the highest common factor of 30 and y.
6
Suppose 9*o = 4397 - 1292. What is the greatest common factor of o and 15?
15
Let z(l) = 2*l**2 + 11*l - 6. Let h be z(-8). What is the greatest common factor of 17 and h?
17
Suppose 5*a + 2*y = 715, -4*a + 622 = -y + 50. Let f be 52/(-6)*42/(-28). What is the greatest common factor of f and a?
13
Let r(d) = -9*d**2 + 3*d. Let i be r(2). Let g = 30 - i. What is the greatest common factor of 20 and g?
20
Suppose 5*y + 5*f - 4 = 6, -y - 3*f - 6 = 0. Calculate the highest common divisor of 18 and y.
6
Let g be 364 + (-5)/(-1) + -6. Let t(p) = -3*p**3 + 2*p**2 - p - 1. Let f be t(-2). What is the highest common factor of g and f?
33
Let y = 14 + -2. Suppose 38 = 2*c - 0*c. Let x = c - y. What is the highest common factor of 14 and x?
7
Let r(d) be the third derivative of -d**4/12 - 4*d**3/3 - d**2. Let g be r(-7). Let o be (-6)/(-9) + 158/g. What is the highest common factor of 9 and o?
9
Let s(g) = -g**3 - 10*g**2 + 10*g - 10. Let z be s(-11). Calculate the highest common factor of 1 and z.
1
Let r be (-126)/(-12) - 1/2. Suppose -2*x + 2*b = x - 126, 3*b = 3*x - 129. What is the highest common divisor of x and r?
10
Let w be 6/(-10)*(1 - 6). Let h be ((-2)/7)/(3 - (-88)/(-28)). Calculate the greatest common factor of w and h.
1
Let f(j) = 24*j**2 + 2*j - 2. Let u be f(1). What is the greatest common divisor of u and 6?
6
Suppose -3*d + d + 272 = 0. Suppose 3*r - 51 = -0*r. What is the highest common factor of r and d?
17
Let y be 12*81/15 - 2/(-10). Suppose -11 = -u + 2. Calculate the greatest common divisor of y and u.
13
Let a(y) = -2*y**3 - 2*y**2 + y. Let f be a(-2). Let p = 55 + -54. Calculate the highest common divisor of p and f.
1
Suppose -4*l - 30 + 6 = 0. Let h be (2/2)/(-1) - l. Suppose -5*z + 3*z = -2. What is the greatest common divisor of z and h?
1
Let z be -6 + 7 + (-1 - 1). Let p be 17 + (4/2)/z. Calculate the greatest common factor of 15 and p.
15
Suppose -9 = -y - 2*y. Calculate the greatest common divisor of 21 and y.
3
Let r(t) = -t**3 - 8*t**2 - 7*t + 5. Let j be r(-7). Let y be (9/j)/((-8)/(